= -12*t - 84. What is q(-7)?
0
Let c(r) = -8*r + 195. Calculate c(25).
-5
Let i(n) = n**3 - 13*n**2 - 4*n + 59. Calculate i(13).
7
Let w(s) = -s**2 + 4*s + 42. What is w(9)?
-3
Let b(h) = -2*h**3 + 5*h**2 - 5*h - 12. Give b(4).
-80
Let b(g) = -g**3 + 21*g**2 - g + 31. What is b(21)?
10
Let r(c) = 12*c**2 + c - 9. Give r(-4).
179
Let p(d) = 3*d - 8. What is p(6)?
10
Let s(w) = -w + 1. Give s(5).
-4
Let j(g) = -2*g + 40. What is j(20)?
0
Let r(g) = 10*g + 59. Give r(-6).
-1
Let m(p) = -p**2 - 12*p + 10. Determine m(-13).
-3
Let x(j) = j**3 - 15*j**2 - 3*j + 9. Calculate x(15).
-36
Let f(x) = 5*x - 6. Calculate f(-5).
-31
Let x(m) = -m - 9. Determine x(-15).
6
Let n(p) = 2*p**2 + 33*p + 93. Calculate n(-3).
12
Let f(q) = -2*q**2 + q + 17. What is f(0)?
17
Let p(x) = -4*x - 28. Give p(-9).
8
Let l(k) = -4*k + 22. Determine l(5).
2
Let h(x) = x**3 - 2*x**2 - 3. Determine h(2).
-3
Let i(j) = -12*j + 1. Calculate i(5).
-59
Let j(y) = y**2 + 17*y + 8. What is j(-11)?
-58
Let g(k) = -k**2 + 5*k + 17. What is g(6)?
11
Let j(n) = 10*n**2 + 10*n - 22. Determine j(2).
38
Let r(l) = -l**2 - 2*l + 12. Give r(4).
-12
Let b(x) = x**3 + 6*x**2 - 2*x - 5. Determine b(-6).
7
Let v(c) = -c**3 + 49*c**2 + 52*c - 108. Calculate v(50).
-8
Let q(c) = -17*c**2 + 3*c - 1. Determine q(1).
-15
Let h(w) = -w**3 - w**2 - 2*w + 2. Calculate h(-3).
26
Let b(f) = -3*f**2 + 178*f - 43. Give b(59).
16
Let s(g) = 2*g + 36. Give s(-14).
8
Let x(v) = 10*v. Calculate x(-4).
-40
Let q(u) = -u**3 + 8*u**2 - 13*u + 7. Give q(6).
1
Let d(a) = 2*a**3 + 15*a**2 - 14*a - 61. Give d(-8).
-13
Let s(b) = -b**3 - 16*b**2 - 2*b - 26. Calculate s(-16).
6
Let c(d) = 3*d + 5. What is c(8)?
29
Let t(i) = 2*i + 38. Give t(-22).
-6
Let f(z) = -7*z**2 + 3*z - 4. Determine f(1).
-8
Let d(x) = -3*x + 60. What is d(0)?
60
Let f(l) = 18*l**2 + 74*l + 2. Give f(-4).
-6
Let q(s) = -s + 2. What is q(-5)?
7
Let y(j) = 10*j - 152. What is y(14)?
-12
Let u(j) = j**3 - 11*j**2 + 18*j + 15. Calculate u(9).
15
Let t(j) = -6*j. Give t(1).
-6
Let m(r) = r**3 + 2*r - 8. Calculate m(0).
-8
Let m(o) = 8*o**2 - 4*o + 10. Calculate m(2).
34
Let n(b) = 2*b**2 - 8*b - 34. Determine n(7).
8
Let y(p) = p**3 - 4*p**2 - 7*p + 5. Determine y(5).
-5
Let u(l) = -l**3 - 16*l**2 + l + 18. Determine u(-16).
2
Let i(g) = -14*g - 5. What is i(-2)?
23
Let b(d) = 14*d**2 - 14*d + 13. What is b(1)?
13
Let v(z) = z**3 - 7*z**2 - 3*z - 8. Calculate v(6).
-62
Let u(v) = v**3 - 7*v**2 + 15*v - 20. Determine u(4).
-8
Let o(f) = -f**2 + 2*f. Determine o(2).
0
Let x(d) = d**2 + 3*d - 4. Calculate x(-7).
24
Let k(d) = 2*d - 15. Calculate k(9).
3
Let h(w) = -7*w + 22. Give h(6).
-20
Let i(j) = -j**2 - j + 3. Determine i(-2).
1
Let i(a) = -a**3 + a**2 + 3*a + 2. Give i(-2).
8
Let z(t) = t**2 + 4*t - 14. Calculate z(4).
18
Let t(q) = -q**3 + 19*q**2 + 41*q - 12. Determine t(21).
-33
Let x(o) = o**3 - 5*o**2 + 6*o - 3. Calculate x(3).
-3
Let u(y) = 5*y**3 + 13*y**2 + 5*y + 8. What is u(-3)?
-25
Let h(f) = -f**2 - 4*f + 11. What is h(-5)?
6
Let p(o) = -o + 10. Calculate p(10).
0
Let y(a) = -6*a + 103. What is y(18)?
-5
Let w(a) = -11*a + 37. What is w(6)?
-29
Let i(f) = f**3 - 3*f**2 + 4*f - 7. Calculate i(4).
25
Let u(x) = 2*x**2 - 4*x + 7. Give u(-5).
77
Let n(o) = -o**3 - 19*o**2 + 16*o + 4. Give n(-20).
84
Let t(j) = -j**3 - 6*j**2 + 10*j + 16. Determine t(-7).
-5
Let a(h) = -h**3 - 2*h**2 - 2*h - 9. Give a(0).
-9
Let o(u) = -u**3 - 8*u**2 + 8*u - 8. Determine o(-9).
1
Let u(a) = -3*a**2 + 3*a - 1. Determine u(1).
-1
Let x(d) = -23*d - 154. Give x(-7).
7
Let l(r) = r**2 - 33*r + 246. What is l(22)?
4
Let k(i) = -34*i - 379. Give k(-11).
-5
Let q(h) = -5*h + 81. Determine q(13).
16
Let v(x) = -x**2 + 9*x + 4. Determine v(8).
12
Let u(z) = -z**2 - 15*z - 31. Give u(-11).
13
Let p(x) = -x**2 + 4*x + 24. Determine p(7).
3
Let j(o) = 26*o + 184. Calculate j(-7).
2
Let m(g) = -g**3 + 9*g**2 + 13*g - 15. Calculate m(10).
15
Let y(l) = -l**2 + 8. Give y(0).
8
Let v(y) = -y**3 - 9*y**2 - 10*y - 16. What is v(-8)?
0
Let z(a) = a**3 + 13*a**2 + 27*a + 2. Give z(-10).
32
Let u(l) = 4*l - 3. Calculate u(6).
21
Let k(v) = 5*v**3 + 27*v**2 + 10*v + 3. Give k(-5).
3
Let q(i) = -i**2 + 31*i + 66. Calculate q(34).
-36
Let d(l) = 2*l**2 - 10*l + 2. What is d(-4)?
74
Let l(k) = -k**3 - 10*k**2 + 12*k + 18. Calculate l(-11).
7
Let r(a) = 2*a + 6. Determine r(-4).
-2
Let g(s) = -5*s - 87. Determine g(-20).
13
Let o(k) = k**2 - 39*k + 260. Calculate o(30).
-10
Let k(p) = -2*p**2 + 27*p + 71. Determine k(16).
-9
Let o(u) = -u**2 + 7*u + 2. Give o(8).
-6
Let q(y) = -y**2 - 17*y - 7. Calculate q(-7).
63
Let n(o) = -3*o**3 - 2*o - 2. Determine n(-3).
85
Let j(v) = -v**2 - 9*v + 4. Determine j(-13).
-48
Let c(s) = s**2 - 13*s + 41. Give c(8).
1
Let h(i) = i**3 + 10*i**2 - 10*i + 20. What is h(-11)?
9
Let x(j) = 8*j - 12. What is x(2)?
4
Let u(v) = 2*v - 15. Calculate u(13).
11
Let w(s) = 4*s - 78. Determine w(21).
6
Let b(l) = -7*l - 71. Determine b(-11).
6
Let j(x) = x**2 - 22*x + 36. Determine j(23).
59
Let b(f) = -f**3 - 2*f**2 + 5*f + 9. Give b(-3).
3
Let i(a) = a**2 - 9*a + 11. Calculate i(8).
3
Let m(z) = z + 5. What is m(0)?
5
Let y(f) = f**3 + 3*f**2 + f + 2. Determine y(-5).
-53
Let y(u) = 9*u - 2. Give y(-1).
-11
Let f(q) = -89*q**3 + 2*q**2 - 1. Give f(-1).
90
Let n(p) = -p**3 + 4*p**2 + 8*p + 6. Calculate n(5).
21
Let h(l) = -l**2 + 17*l - 47. What is h(14)?
-5
Let q(h) = 18*h + 127. Calculate q(-7).
1
Let s(f) = 6*f - 8. What is s(0)?
-8
Let r(j) = -j + 5. Determine r(6).
-1
Let d(g) = 4*g - 31. What is d(7)?
-3
Let u(t) = t**2 + 14*t - 52. What is u(-17)?
-1
Let c(x) = x - 60. Determine c(7).
-53
Let l(b) = 2*b - 6. Determine l(-12).
-30
Let h(x) = -98*x**3 - x**2 + 2*x + 2. Give h(-1).
97
Let b(t) = t**2 - 11*t - 34. Give b(12).
-22
Let j(f) = -f**3 - 7*f**2 - 4*f - 22. Calculate j(-7).
6
Let g(p) = -p - 8. Calculate g(-6).
-2
Let x(z) = -66*z + 602. Calculate x(9).
8
Let q(v) = v**3 + 2*v**2 - 2*v - 2. Calculate q(2).
10
Let l(b) = 5*b**2 - b - 2. Determine l(-1).
4
Let c(l) = l**3 + 9*l**2 - 4. Calculate c(-9).
-4
Let a(j) = -j**2 + 7*j + 6. What is a(5)?
16
Let j(x) = x + 16. What is j(-7)?
9
Let j(g) = -g**3 + 4*g**2 - 4*g + 6. Give j(4).
-10
Let y(i) = -2*i**2 + 13*i - 1. Calculate y(6).
5
Let x(m) = -m**2 + 7*m - 16. What is x(6)?
-10
Let h(g) = g**3 + 8*g**2 + 10*g + 3. Calculate h(-7).
-18
Let d(y) = 20*y - 51. Calculate d(2).
-11
Let k(x) = 27*x + 16. Determine k(1).
43
Let t(s) = -2*s - 18. What is t(-6)?
-6
Let b(r) = r**3 + 16*r**2 - 17*r + 37. Determine b(-17).
37
Let h(f) = 6*f. Determine h(1).
6
Let c(h) = -h**2 - h - 1. What is c(-2)?
-3
Let l(a) = -a - 18. Give l(7).
-25
Let r(f) = -f**3 + 5*f**2 + 71*f - 296. Determine r(4).
4
Let r(g) = -g**3 + 30*g**2 - 223*g + 37. What is r(17)?
3
Let x(d) = 10*d + 12. What is x(-6)?
-48
Let w(u) = u**2 + 10*u - 3. What is w(-10)?
-3
Let j(t) = t**3 - 12*t**2 + 12*t + 15. Calculate j(11).
26
Let o(i) = 2*i**2 - 31*i - 266. Determine o(-6).
-8
Let l(p) = -p**2 + 76. Give l(9).
-5
Let s(z) = 3*z + 1. Calculate s(-3).
-8
Let f(g) = -12*g - 41. What is f(-10)?
79
Let v(k) = 2*k**3 + 2*k**2 + k + 1. Calculate v(-1).
0
Let v(i) = -9*i - 61. What is v(-8)?
11
Let g(n) = -2*n**2 + 32*n + 4. What is g(15)?
34
Let u(f) = -5*f**3 - f**2 - 2*f + 3. Calculate u(1).
-5
Let f(q) = q**3 - 2*q**2 + q - 6. What is f(3)?
6
Let d(q) = q**2 + 10*q + 17. Give d(-9).
8
Let x(o) = -4*o**3 + 2*o**2 - o + 2. What is x(0)?
2
Let y(o) = -o - 8. Calculate y(9).
-17
Let i(u) = u**3 - 11*u**2 - u + 15. Determine i(11).
4
Let a(f) = f**3 + 8*f**2 + 8*f - 4. What is a(-7)?
-11
Let v(b) = -b**3 + 4*b**2 - 3*b + 4. Give v(4).
-8
Let k(g) = g**3 + 5*g**2 - 6*g + 5. Give k(-6).
5
Let p(s) = -s - 7. Give p(-5).
-2
Let k(x) = -10*x + 37. Calculate k(4).
-3
Let g(j) = j**2 - 19*j - 18. What is g(-1)?
2
Let u(t) = -t**3 - 4*t**2 - 2*t + 2. Determine u(-2).
-2
Let j(g) = g**2 - 15*g - 52. Give j(-3).
2
Let x(j) = j + 5. Calculate x(11).
16
Let s(c) = c**3 - 12*c**2 + 27*c - 1. What is s(9)?
-1
Let x(v) = 3*v**3 + 2*v**2 + v. Calculate x(-2).
-18
Let y(p) = -23*p - 1. What is y(1)?
-24
Let q(w) = w**3 - 21*w**2 + 38*w - 5. What is q(19)?
-5
Let k(h) = h**2 - 4*h - 17. What is k(-4)?
15
Let m(b) = 5*b + 8. Determine m(-2).
-2
Let o(a) = -a**3 